 What is the remainder when h(4) is divided by r?
6
Let z = -501 - -801. Suppose -2*l = 2*l + z. What is the remainder when l*(35/15 + -3) is divided by 26?
24
Suppose -36*f + 3*s - 1162 = -41*f, 5*s = f - 266. What is the remainder when f is divided by 77?
5
Let v(y) = y**3 + 8*y**2 + y + 1. Let l be v(-6). Suppose -4*s = l - 259. Suppose -s = -4*h + 8. Calculate the remainder when h is divided by 5.
4
Suppose -4*s = 5*j - 14, j = 3*j + 3*s. Let p(q) = -q**3 + 9*q**2 - 7*q - 2. Let m(f) = -3067*f + 46023. Calculate the remainder when p(j) is divided by m(15).
10
Calculate the remainder when 1218/(-2639) + 45252/26 is divided by 218.
214
Let v(x) = x**3 + 6*x**2 + 7*x + 2. Let i be v(-5). Let t = i + 10. Let u(w) = -w**3 + 3*w**2 + 2*w. Calculate the remainder when 45 is divided by u(t).
5
Let i = -657 + 705. Suppose -5*p + 56 = c, -c - p - 2*p = -i. Calculate the remainder when c is divided by 24.
12
Suppose 1329 - 433 = 8*g. Suppose 0 = -3*u, -u - 2 = 5*t - 72. Let j = t + 15. What is the remainder when g is divided by j?
25
Suppose -650 + 170 = -12*d. What is the remainder when 90 is divided by d?
10
Suppose 112 = 2*b + 3*d, -5*d + 6 = -14. Let x(q) = q**3 + 27*q**2 + 4*q + 181. What is the remainder when x(-27) is divided by b?
23
Let s = 11 + -2. Let n(f) be the second derivative of -f**4/12 + 3*f**3/2 + 5*f**2/2 - 84*f. What is the remainder when 12 is divided by n(s)?
2
Let d = -4911 + 5067. Calculate the remainder when 1091 is divided by d.
155
Suppose 0 = 2*f + 5*u + 35 - 21, -4*f - 10 = u. Calculate the remainder when 302 is divided by 28 + -3 + (f - -2) + -1.
14
Suppose -4*r = 7*i - 6*i - 183, 5*r - 228 = -i. Let g(l) = -135*l**3 + l**2 + l - 2. What is the remainder when g(-1) is divided by r?
43
Suppose 33 = 22*y - 2255. Suppose 0 = 5*s + 32*v - 30*v - y, 0 = -3*s - 2*v + 60. Calculate the remainder when 174 is divided by s.
20
Suppose 3*d = -3*i + 15, -3*d + 17 = 5*i - 6*d. Suppose -2*l + 11 = -3*h + i*h, 2*l + 3*h = 17. Calculate the remainder when 7 is divided by l.
3
What is the remainder when 619 is divided by 90 - ((-1)/(-1)*0)/1?
79
Suppose s + 23 = 5*n - 2*s, -4*s - 20 = -4*n. Suppose -5*q - 4*i = -325, -3*i - 19 = -n. Calculate the remainder when q is divided by 34/4 + 24/208*13.
9
Suppose 5*v = s + 316, 4*s = -109*v + 113*v - 256. Calculate the remainder when v is divided by 29.
5
Suppose -70*i - 1158 = -73*i. Suppose -7*t + 1520 = i. What is the remainder when t is divided by 15?
12
Suppose 0*q - 192 = -6*q. Calculate the remainder when 88*((-4)/q*10 + 2) is divided by 23.
20
Calculate the remainder when 266 is divided by -42 - -46 - 104/(-2).
42
Let t(v) = 23*v + 54. Let x(m) = -3*m**2 + 15*m + 32. Let s be x(6). Calculate the remainder when t(s) is divided by 54.
52
What is the remainder when 536 is divided by (-3)/(-8) - 8835/(-248)?
32
Let g = 137 - 286. Let c = g + 285. What is the remainder when c is divided by 64?
8
Suppose 0 = -w + 5*w - 875 - 2949. What is the remainder when w is divided by 13?
7
Suppose 501646 = -215*g + 1347262 + 491899. What is the remainder when g is divided by 2070?
11
Let w be (90/54)/((8/30)/4). Let a be (-10)/w - (0 - 797/5). Suppose 2*v - 409 = -5*f + 3*v, 2*f = 5*v + a. Calculate the remainder when f is divided by 14.
12
Suppose 1571 = -3*b + 3*k + 2579, -15 = 3*k. Calculate the remainder when b is divided by 163.
5
Suppose 0 = 98*j - 120*j + 616. What is the remainder when 189 is divided by j?
21
Let p(b) = b**3 - 8*b**2 - 16*b + 12. Let a be p(9). Let x = -27 - a. What is the remainder when x is divided by 3?
0
Suppose q = -5*u + 754, 0 = -u - 4*q + 13 + 153. Suppose -8*i + 462 = u. Let k = 63 + 10. What is the remainder when k is divided by i?
34
Let t(l) = l**2 - 10*l - 1. Let c = 263 + -236. Calculate the remainder when t(-7) is divided by c.
10
Let f = 1200 + -1189. What is the remainder when 343 is divided by f?
2
Let y = 288 - 201. Suppose 4*v = -47 - 149. Let t = v + y. Calculate the remainder when 150 is divided by t.
36
Let q(v) be the second derivative of 7*v**3/3 - 13*v**2 + 7*v. Let j = 15 + 1. Calculate the remainder when q(5) is divided by j.
12
Let d be -1*(-1 - 3) + -2 + 0. Suppose d*a = -t + 40, 2*t - a - 4*a - 35 = 0. Let z = t - 26. Calculate the remainder when 7 is divided by z.
3
Let p = 5210 - 5185. What is the remainder when 743 is divided by p?
18
Let j(x) = -53*x**2 + x - 1. Let k be j(1). Let p = -11 - -76. Let s = p + k. Calculate the remainder when 40 is divided by s.
4
Suppose -8*v - 8*v - 2*v + 2322 = 0. Calculate the remainder when 420 is divided by v.
33
Let c = 3974 + -3984. Let s(o) = o**2. Let h(m) = -2*m**2 - 24*m - 2. Let j(b) = -h(b) + s(b). Calculate the remainder when j(c) is divided by 16.
14
What is the remainder when 2343 is divided by 6/(-12)*14 + 60/2?
20
Let k(o) = -16*o - 87. Calculate the remainder when 800 is divided by k(-10).
70
Suppose 3*n = 10*r - 8*r + 115, -5*n = -2*r - 193. What is the remainder when 250 is divided by 1 + ((-90)/(-4) - n/78)?
20
Suppose 4*s - 39 = 11*z + 63, 3*s + 4*z = 101. Let q = 129 - 23. Calculate the remainder when q is divided by s.
13
Let f = 33 + 141. Suppose -3*o = 5*b + f, -4*b - 3*o - 138 = -0*b. Calculate the remainder when 30 is divided by -4*(1/3 + 111/b).
8
Suppose 10*j - 15640 = -76*j - 50*j. What is the remainder when j is divided by 93?
22
What is the remainder when (-2)/9 + 85*6*(-275)/(-297) is divided by 17?
13
Let c(p) = -p**2 + 15*p - 19. Let f be c(13). Let v(s) = 5*s**2 - 14*s + 37. Let g(j) = 47*j**2. What is the remainder when v(f) is divided by g(-1)?
43
Let i = 18 - 10. Let g(c) = i*c + c**2 + 5 + 0 - 38. Calculate the remainder when 28 is divided by g(-12).
13
Let n = 75 + -71. Calculate the remainder when (n/((-16)/4))/(1/(-87)) is divided by 15.
12
Suppose -z + 3*o = -62, 0*z - 4*z = 3*o - 323. Let k = z - 107. Calculate the remainder when 0 + (1 - -127 - k/10) is divided by 19.
17
Let b = -88 - -135. Calculate the remainder when 262 is divided by b + (-1 - 2) + 0.
42
Suppose -4*l - 132 = 19*m - 21*m, 2*m = l + 153. What is the remainder when 1523 is divided by m?
3
Let d = 412 - 357. Suppose 4*w - v + 135 = 0, -2*w + 0*w + v = 67. Let p = w + d. Calculate the remainder when 58 is divided by p.
16
Suppose 0 = 3*d + 27*x - 32*x - 54, 3*x = -5*d + 90. What is the remainder when 26 is divided by d?
8
Calculate the remainder when 268 is divided by (-5258)/(-4224)*12 + 2/32.
13
Suppose 0 = -38*n - 36 + 910. Suppose -5*l - 7560 = -n*l. What is the remainder when l is divided by 9?
6
Suppose -31*r = -25*r - 546. Suppose 16*a - 399 = -5*a. Calculate the remainder when r is divided by a.
15
Suppose u = 7*u + 1656. Let y = u + 382. Calculate the remainder when y is divided by 22.
18
Let n(g) = g**3 + 17*g**2 - 42*g - 25. Let v be n(-19). Suppose -5*r - 126 = 114. Let y = r + v. Calculate the remainder when 10 is divided by y.
1
Suppose -h - 6 = -a, 0*a - 3*a + 5*h = -18. Suppose -1363*b = -1443*b + 24320. Calculate the remainder when b is divided by (a/8)/(3/204).
49
Suppose -2*u + 9*u - 42 = 0. What is the remainder when (-17)/((-136)/120) + 1/(-1) is divided by u?
2
Suppose -a + 565 = 5*y - 4*a, 2*a - 113 = -y. Suppose -4*d + 117 = -3*h, -10*h + 7*h + 81 = 2*d. What is the remainder when y is divided by d?
14
Let q = 10189 - 10049. What is the remainder when q is divided by 77?
63
Let i = 628 + -599. Let z = i - -61. What is the remainder when 446 is divided by z?
86
Let a = -68 - -71. Suppose 9 = -0*b + 3*b. Suppose 2*i - b = 3. Calculate the remainder when i is divided by a.
0
What is the remainder when (3788/(-8) - 0)/(((-3)/(-6))/(-1)) is divided by 136?
131
Let p = -140 - -137. Let u(f) = -f**3 - 2*f**2 - f + 6. Calculate the remainder when 85 is divided by u(p).
13
Let f = 21596 + -21590. Let p be (-6)/(((-27)/(-84))/(-3)). Suppose 0 = d + 3*k - 29, -5*d = -k - p - 89. Calculate the remainder when d is divided by f.
5
Let w = -117 - -131. Suppose -5*v + 5 = p, 8*p = -5*v + 4*p - 10. Suppose 16 = 4*b, 0 = v*s + 2*b + 2*b - 292. What is the remainder when s is divided by w?
12
Let w(h) = -h**3 + 5*h**2 + 17*h + 37. Calculate the remainder when w(5) is divided by 39.
5
What is the remainder when 30/(-4)*(896/(-24))/8 is divided by (-20)/(-6)*(2 + 1)?
5
Let j(a) = 55*a**3 + 2*a**